{"id":18,"date":"2023-02-02T10:44:22","date_gmt":"2023-02-02T15:44:22","guid":{"rendered":"https:\/\/cssst.activ.is\/bernard-gariepy\/services\/cafeteria\/"},"modified":"2024-09-24T13:10:11","modified_gmt":"2024-09-24T17:10:11","slug":"cafeteria","status":"publish","type":"page","link":"https:\/\/cssst.activ.is\/bernard-gariepy\/services\/cafeteria\/","title":{"rendered":"Caf\u00e9teria"},"content":{"rendered":"\n<div data-wp-interactive=\"core\/file\" class=\"wp-block-file\"><object data-wp-bind--hidden=\"!state.hasPdfPreview\" hidden class=\"wp-block-file__embed\" data=\"https:\/\/cssst.activ.is\/bernard-gariepy\/wp-content\/uploads\/sites\/20\/2024\/09\/2024_LSA-menu-Sorel-Tracy-15-04.pdf\" type=\"application\/pdf\" style=\"width:100%;height:600px\" aria-label=\"Contenu incorpor\u00e9 2024_LSA-menu-Sorel-Tracy- 15-04.\"><\/object><a id=\"wp-block-file--media-580c3c34-c221-44d9-913f-44ee0e4abebb\" href=\"https:\/\/cssst.activ.is\/bernard-gariepy\/wp-content\/uploads\/sites\/20\/2024\/09\/2024_LSA-menu-Sorel-Tracy-15-04.pdf\">2024_LSA-menu-Sorel-Tracy- 15-04<\/a><a href=\"https:\/\/cssst.activ.is\/bernard-gariepy\/wp-content\/uploads\/sites\/20\/2024\/09\/2024_LSA-menu-Sorel-Tracy-15-04.pdf\" class=\"wp-block-file__button wp-element-button\" download aria-describedby=\"wp-block-file--media-580c3c34-c221-44d9-913f-44ee0e4abebb\">T\u00e9l\u00e9charger<\/a><\/div>\n","protected":false},"excerpt":{"rendered":"","protected":false},"author":1,"featured_media":0,"parent":16,"menu_order":0,"comment_status":"closed","ping_status":"closed","template":"","meta":{"_acf_changed":false,"inline_featured_image":false,"footnotes":""},"class_list":["post-18","page","type-page","status-publish","hentry"],"acf":[],"yoast_head":"<!-- This site is optimized with the Yoast SEO plugin v26.8 - https:\/\/yoast.com\/product\/yoast-seo-wordpress\/ -->\n<title>Caf\u00e9teria - \u00c9cole Secondaire Bernard-Gari\u00e9py<\/title>\n<meta name=\"robots\" content=\"index, follow, max-snippet:-1, max-image-preview:large, max-video-preview:-1\" \/>\n<link rel=\"canonical\" href=\"https:\/\/cssst.activ.is\/bernard-gariepy\/services\/cafeteria\/\" \/>\n<meta property=\"og:locale\" content=\"fr_CA\" \/>\n<meta property=\"og:type\" content=\"article\" \/>\n<meta property=\"og:title\" content=\"Caf\u00e9teria - \u00c9cole Secondaire Bernard-Gari\u00e9py\" \/>\n<meta property=\"og:url\" content=\"https:\/\/cssst.activ.is\/bernard-gariepy\/services\/cafeteria\/\" \/>\n<meta property=\"og:site_name\" content=\"\u00c9cole Secondaire Bernard-Gari\u00e9py\" \/>\n<meta property=\"article:publisher\" content=\"https:\/\/www.facebook.com\/profile.php?id=100057040016311&amp;locale=fr_CA\" \/>\n<meta property=\"article:modified_time\" content=\"2024-09-24T17:10:11+00:00\" \/>\n<meta name=\"twitter:card\" content=\"summary_large_image\" \/>\n<meta name=\"twitter:label1\" content=\"Estimation du temps de lecture\" \/>\n\t<meta name=\"twitter:data1\" content=\"1 minute\" \/>\n<script type=\"application\/ld+json\" class=\"yoast-schema-graph\">{\"@context\":\"https:\/\/schema.org\",\"@graph\":[{\"@type\":\"WebPage\",\"@id\":\"https:\/\/cssst.activ.is\/bernard-gariepy\/services\/cafeteria\/\",\"url\":\"https:\/\/cssst.activ.is\/bernard-gariepy\/services\/cafeteria\/\",\"name\":\"Caf\u00e9teria - \u00c9cole Secondaire Bernard-Gari\u00e9py\",\"isPartOf\":{\"@id\":\"https:\/\/cssst.activ.is\/bernard-gariepy\/#website\"},\"datePublished\":\"2023-02-02T15:44:22+00:00\",\"dateModified\":\"2024-09-24T17:10:11+00:00\",\"breadcrumb\":{\"@id\":\"https:\/\/cssst.activ.is\/bernard-gariepy\/services\/cafeteria\/#breadcrumb\"},\"inLanguage\":\"fr-CA\",\"potentialAction\":[{\"@type\":\"ReadAction\",\"target\":[\"https:\/\/cssst.activ.is\/bernard-gariepy\/services\/cafeteria\/\"]}]},{\"@type\":\"BreadcrumbList\",\"@id\":\"https:\/\/cssst.activ.is\/bernard-gariepy\/services\/cafeteria\/#breadcrumb\",\"itemListElement\":[{\"@type\":\"ListItem\",\"position\":1,\"name\":\"Accueil\",\"item\":\"https:\/\/cssst.activ.is\/bernard-gariepy\/\"},{\"@type\":\"ListItem\",\"position\":2,\"name\":\"Services\",\"item\":\"https:\/\/cssst.activ.is\/bernard-gariepy\/services\/\"},{\"@type\":\"ListItem\",\"position\":3,\"name\":\"Caf\u00e9teria\"}]},{\"@type\":\"WebSite\",\"@id\":\"https:\/\/cssst.activ.is\/bernard-gariepy\/#website\",\"url\":\"https:\/\/cssst.activ.is\/bernard-gariepy\/\",\"name\":\"\u00c9cole Secondaire Bernard-Gari\u00e9py\",\"description\":\"\",\"potentialAction\":[{\"@type\":\"SearchAction\",\"target\":{\"@type\":\"EntryPoint\",\"urlTemplate\":\"https:\/\/cssst.activ.is\/bernard-gariepy\/?s={search_term_string}\"},\"query-input\":{\"@type\":\"PropertyValueSpecification\",\"valueRequired\":true,\"valueName\":\"search_term_string\"}}],\"inLanguage\":\"fr-CA\"}]}<\/script>\n<!-- \/ Yoast SEO plugin. -->","yoast_head_json":{"title":"Caf\u00e9teria - \u00c9cole Secondaire Bernard-Gari\u00e9py","robots":{"index":"index","follow":"follow","max-snippet":"max-snippet:-1","max-image-preview":"max-image-preview:large","max-video-preview":"max-video-preview:-1"},"canonical":"https:\/\/cssst.activ.is\/bernard-gariepy\/services\/cafeteria\/","og_locale":"fr_CA","og_type":"article","og_title":"Caf\u00e9teria - \u00c9cole Secondaire Bernard-Gari\u00e9py","og_url":"https:\/\/cssst.activ.is\/bernard-gariepy\/services\/cafeteria\/","og_site_name":"\u00c9cole Secondaire Bernard-Gari\u00e9py","article_publisher":"https:\/\/www.facebook.com\/profile.php?id=100057040016311&locale=fr_CA","article_modified_time":"2024-09-24T17:10:11+00:00","twitter_card":"summary_large_image","twitter_misc":{"Estimation du temps de lecture":"1 minute"},"schema":{"@context":"https:\/\/schema.org","@graph":[{"@type":"WebPage","@id":"https:\/\/cssst.activ.is\/bernard-gariepy\/services\/cafeteria\/","url":"https:\/\/cssst.activ.is\/bernard-gariepy\/services\/cafeteria\/","name":"Caf\u00e9teria - \u00c9cole Secondaire Bernard-Gari\u00e9py","isPartOf":{"@id":"https:\/\/cssst.activ.is\/bernard-gariepy\/#website"},"datePublished":"2023-02-02T15:44:22+00:00","dateModified":"2024-09-24T17:10:11+00:00","breadcrumb":{"@id":"https:\/\/cssst.activ.is\/bernard-gariepy\/services\/cafeteria\/#breadcrumb"},"inLanguage":"fr-CA","potentialAction":[{"@type":"ReadAction","target":["https:\/\/cssst.activ.is\/bernard-gariepy\/services\/cafeteria\/"]}]},{"@type":"BreadcrumbList","@id":"https:\/\/cssst.activ.is\/bernard-gariepy\/services\/cafeteria\/#breadcrumb","itemListElement":[{"@type":"ListItem","position":1,"name":"Accueil","item":"https:\/\/cssst.activ.is\/bernard-gariepy\/"},{"@type":"ListItem","position":2,"name":"Services","item":"https:\/\/cssst.activ.is\/bernard-gariepy\/services\/"},{"@type":"ListItem","position":3,"name":"Caf\u00e9teria"}]},{"@type":"WebSite","@id":"https:\/\/cssst.activ.is\/bernard-gariepy\/#website","url":"https:\/\/cssst.activ.is\/bernard-gariepy\/","name":"\u00c9cole Secondaire Bernard-Gari\u00e9py","description":"","potentialAction":[{"@type":"SearchAction","target":{"@type":"EntryPoint","urlTemplate":"https:\/\/cssst.activ.is\/bernard-gariepy\/?s={search_term_string}"},"query-input":{"@type":"PropertyValueSpecification","valueRequired":true,"valueName":"search_term_string"}}],"inLanguage":"fr-CA"}]}},"_links":{"self":[{"href":"https:\/\/cssst.activ.is\/bernard-gariepy\/wp-json\/wp\/v2\/pages\/18","targetHints":{"allow":["GET"]}}],"collection":[{"href":"https:\/\/cssst.activ.is\/bernard-gariepy\/wp-json\/wp\/v2\/pages"}],"about":[{"href":"https:\/\/cssst.activ.is\/bernard-gariepy\/wp-json\/wp\/v2\/types\/page"}],"author":[{"embeddable":true,"href":"https:\/\/cssst.activ.is\/bernard-gariepy\/wp-json\/wp\/v2\/users\/1"}],"replies":[{"embeddable":true,"href":"https:\/\/cssst.activ.is\/bernard-gariepy\/wp-json\/wp\/v2\/comments?post=18"}],"version-history":[{"count":2,"href":"https:\/\/cssst.activ.is\/bernard-gariepy\/wp-json\/wp\/v2\/pages\/18\/revisions"}],"predecessor-version":[{"id":314,"href":"https:\/\/cssst.activ.is\/bernard-gariepy\/wp-json\/wp\/v2\/pages\/18\/revisions\/314"}],"up":[{"embeddable":true,"href":"https:\/\/cssst.activ.is\/bernard-gariepy\/wp-json\/wp\/v2\/pages\/16"}],"wp:attachment":[{"href":"https:\/\/cssst.activ.is\/bernard-gariepy\/wp-json\/wp\/v2\/media?parent=18"}],"curies":[{"name":"wp","href":"https:\/\/api.w.org\/{rel}","templated":true}]}}